{"id":4600,"date":"2019-09-10T10:29:18","date_gmt":"2019-09-10T09:29:18","guid":{"rendered":"http:\/\/www.breitscheid-grundschule.de\/wp\/?page_id=4600"},"modified":"2026-03-06T13:30:52","modified_gmt":"2026-03-06T12:30:52","slug":"busfahrzeiten","status":"publish","type":"page","link":"http:\/\/www.breitscheid-grundschule.de\/wp\/?page_id=4600","title":{"rendered":"Busfahrzeiten"},"content":{"rendered":"\n<p><\/p>\n\n\n\n<p class=\"has-dark-gray-color has-text-color has-link-color has-medium-font-size wp-elements-88e307f300ce615d970190cacd5f1201\"><strong>Fahrplan Linie W1 \/ 2025-2026<\/strong><\/p>\n\n\n\n<figure class=\"wp-block-image size-large\"><img loading=\"lazy\" decoding=\"async\" width=\"724\" height=\"1024\" src=\"http:\/\/www.breitscheid-grundschule.de\/wp\/wp-content\/uploads\/2026\/03\/Linie-W-1-GS-und-Kiga-Nassen-HR.-Mo.-Fr_-1-724x1024.jpg\" alt=\"\" class=\"wp-image-6441\" srcset=\"http:\/\/www.breitscheid-grundschule.de\/wp\/wp-content\/uploads\/2026\/03\/Linie-W-1-GS-und-Kiga-Nassen-HR.-Mo.-Fr_-1-724x1024.jpg 724w, http:\/\/www.breitscheid-grundschule.de\/wp\/wp-content\/uploads\/2026\/03\/Linie-W-1-GS-und-Kiga-Nassen-HR.-Mo.-Fr_-1-212x300.jpg 212w, http:\/\/www.breitscheid-grundschule.de\/wp\/wp-content\/uploads\/2026\/03\/Linie-W-1-GS-und-Kiga-Nassen-HR.-Mo.-Fr_-1-768x1086.jpg 768w, http:\/\/www.breitscheid-grundschule.de\/wp\/wp-content\/uploads\/2026\/03\/Linie-W-1-GS-und-Kiga-Nassen-HR.-Mo.-Fr_-1-1087x1536.jpg 1087w, http:\/\/www.breitscheid-grundschule.de\/wp\/wp-content\/uploads\/2026\/03\/Linie-W-1-GS-und-Kiga-Nassen-HR.-Mo.-Fr_-1.jpg 1240w\" sizes=\"(max-width: 724px) 100vw, 724px\" \/><\/figure>\n\n\n\n<h4 class=\"wp-block-heading\">Nachmittagsbusse mit Linie 145:<\/h4>\n\n\n\n<p><strong>ab GS Marienschule<\/strong><\/p>\n\n\n\n<p>nach Breitscheid                     ca. 13.30 Uhr<\/p>\n\n\n\n<p>nach Hochscheid\/Verscheid          ca. 13.45 Uhr<\/p>\n\n\n\n<p><\/p>\n\n\n\n<p>Die Nachmittagsbuszeiten variieren schon mal, da die entsprechenden Busse vorher die Schulcentren Waldbreitbach und Neustadt anfahren m\u00fcssen. Bitte haben Sie Verst\u00e4ndnis daf\u00fcr, dass eine Zeitspanne von +\/- 15 Minuten in der Ankunftzeit an manchen Tagen entstehen kann.<\/p>\n\n\n\n<p>F\u00fcr R\u00fcckfragen oder Beschwerden wenden Sie sich bitte an das Busunternehmen Bischoff-Touristik. \u00dcber folgenden Link k\u00f6nnen Sie ein Kontaktformular ausf\u00fcllen. In der Regel wird darauf schnellstm\u00f6glich geantwortet.<\/p>\n\n\n\n<figure class=\"wp-block-embed is-type-wp-embed is-provider-bischoff-touristik wp-block-embed-bischoff-touristik\"><div class=\"wp-block-embed__wrapper\">\n<blockquote class=\"wp-embedded-content\" data-secret=\"ru5P9cAlz7\"><a href=\"https:\/\/bischoff-touristik.de\/kritik-anregungen\/\">Kritik &#038; Anregungen<\/a><\/blockquote><iframe loading=\"lazy\" class=\"wp-embedded-content\" sandbox=\"allow-scripts\" security=\"restricted\" style=\"position: absolute; visibility: hidden;\" title=\"&#8222;Kritik &#038; Anregungen&#8220; &#8211; Bischoff-Touristik\" src=\"https:\/\/bischoff-touristik.de\/kritik-anregungen\/embed\/#?secret=5DIaXdxMq4#?secret=ru5P9cAlz7\" data-secret=\"ru5P9cAlz7\" width=\"600\" height=\"338\" frameborder=\"0\" marginwidth=\"0\" marginheight=\"0\" scrolling=\"no\"><\/iframe>\n<\/div><\/figure>\n","protected":false},"excerpt":{"rendered":"<p>Fahrplan Linie W1 \/ 2025-2026 Nachmittagsbusse mit Linie 145: ab GS Marienschule nach Breitscheid ca. 13.30 Uhr nach Hochscheid\/Verscheid ca. 13.45 Uhr Die Nachmittagsbuszeiten variieren schon mal, da die entsprechenden Busse vorher die Schulcentren Waldbreitbach und Neustadt anfahren m\u00fcssen. Bitte haben Sie Verst\u00e4ndnis daf\u00fcr, dass eine Zeitspanne von +\/- 15 Minuten in der Ankunftzeit an &hellip; <a href=\"http:\/\/www.breitscheid-grundschule.de\/wp\/?page_id=4600\" class=\"more-link\"><span class=\"screen-reader-text\">Busfahrzeiten<\/span> weiterlesen<\/a><\/p>\n","protected":false},"author":1,"featured_media":0,"parent":0,"menu_order":0,"comment_status":"closed","ping_status":"closed","template":"","meta":{"footnotes":""},"class_list":["post-4600","page","type-page","status-publish","hentry"],"_links":{"self":[{"href":"http:\/\/www.breitscheid-grundschule.de\/wp\/index.php?rest_route=\/wp\/v2\/pages\/4600"}],"collection":[{"href":"http:\/\/www.breitscheid-grundschule.de\/wp\/index.php?rest_route=\/wp\/v2\/pages"}],"about":[{"href":"http:\/\/www.breitscheid-grundschule.de\/wp\/index.php?rest_route=\/wp\/v2\/types\/page"}],"author":[{"embeddable":true,"href":"http:\/\/www.breitscheid-grundschule.de\/wp\/index.php?rest_route=\/wp\/v2\/users\/1"}],"replies":[{"embeddable":true,"href":"http:\/\/www.breitscheid-grundschule.de\/wp\/index.php?rest_route=%2Fwp%2Fv2%2Fcomments&post=4600"}],"version-history":[{"count":14,"href":"http:\/\/www.breitscheid-grundschule.de\/wp\/index.php?rest_route=\/wp\/v2\/pages\/4600\/revisions"}],"predecessor-version":[{"id":6442,"href":"http:\/\/www.breitscheid-grundschule.de\/wp\/index.php?rest_route=\/wp\/v2\/pages\/4600\/revisions\/6442"}],"wp:attachment":[{"href":"http:\/\/www.breitscheid-grundschule.de\/wp\/index.php?rest_route=%2Fwp%2Fv2%2Fmedia&parent=4600"}],"curies":[{"name":"wp","href":"https:\/\/api.w.org\/{rel}","templated":true}]}}

<p></p>



<p class="has-dark-gray-color has-text-color has-link-color has-medium-font-size wp-elements-88e307f300ce615d970190cacd5f1201"><strong>Fahrplan Linie W1 / 2025-2026</strong></p>



<figure class="wp-block-image size-large"><img loading="lazy" decoding="async" width="724" height="1024" src="http://www.breitscheid-grundschule.de/wp/wp-content/uploads/2026/03/Linie-W-1-GS-und-Kiga-Nassen-HR.-Mo.-Fr_-1-724x1024.jpg" alt="" class="wp-image-6441" srcset="http://www.breitscheid-grundschule.de/wp/wp-content/uploads/2026/03/Linie-W-1-GS-und-Kiga-Nassen-HR.-Mo.-Fr_-1-724x1024.jpg 724w, http://www.breitscheid-grundschule.de/wp/wp-content/uploads/2026/03/Linie-W-1-GS-und-Kiga-Nassen-HR.-Mo.-Fr_-1-212x300.jpg 212w, http://www.breitscheid-grundschule.de/wp/wp-content/uploads/2026/03/Linie-W-1-GS-und-Kiga-Nassen-HR.-Mo.-Fr_-1-768x1086.jpg 768w, http://www.breitscheid-grundschule.de/wp/wp-content/uploads/2026/03/Linie-W-1-GS-und-Kiga-Nassen-HR.-Mo.-Fr_-1-1087x1536.jpg 1087w, http://www.breitscheid-grundschule.de/wp/wp-content/uploads/2026/03/Linie-W-1-GS-und-Kiga-Nassen-HR.-Mo.-Fr_-1.jpg 1240w" sizes="(max-width: 724px) 100vw, 724px" /></figure>



<h4 class="wp-block-heading">Nachmittagsbusse mit Linie 145:</h4>



<p><strong>ab GS Marienschule</strong></p>



<p>nach Breitscheid                     ca. 13.30 Uhr</p>



<p>nach Hochscheid/Verscheid          ca. 13.45 Uhr</p>



<p></p>



<p>Die Nachmittagsbuszeiten variieren schon mal, da die entsprechenden Busse vorher die Schulcentren Waldbreitbach und Neustadt anfahren müssen. Bitte haben Sie Verständnis dafür, dass eine Zeitspanne von +/- 15 Minuten in der Ankunftzeit an manchen Tagen entstehen kann.</p>



<p>Für Rückfragen oder Beschwerden wenden Sie sich bitte an das Busunternehmen Bischoff-Touristik. Über folgenden Link können Sie ein Kontaktformular ausfüllen. In der Regel wird darauf schnellstmöglich geantwortet.</p>



<figure class="wp-block-embed is-type-wp-embed is-provider-bischoff-touristik wp-block-embed-bischoff-touristik"><div class="wp-block-embed__wrapper">
<blockquote class="wp-embedded-content" data-secret="ru5P9cAlz7"><a href="https://bischoff-touristik.de/kritik-anregungen/">Kritik &#038; Anregungen</a></blockquote><iframe loading="lazy" class="wp-embedded-content" sandbox="allow-scripts" security="restricted" style="position: absolute; visibility: hidden;" title="&#8222;Kritik &#038; Anregungen&#8220; &#8211; Bischoff-Touristik" src="https://bischoff-touristik.de/kritik-anregungen/embed/#?secret=5DIaXdxMq4#?secret=ru5P9cAlz7" data-secret="ru5P9cAlz7" width="600" height="338" frameborder="0" marginwidth="0" marginheight="0" scrolling="no"></iframe>
</div></figure>

<p>Fahrplan Linie W1 / 2025-2026 Nachmittagsbusse mit Linie 145: ab GS Marienschule nach Breitscheid ca. 13.30 Uhr nach Hochscheid/Verscheid ca. 13.45 Uhr Die Nachmittagsbuszeiten variieren schon mal, da die entsprechenden Busse vorher die Schulcentren Waldbreitbach und Neustadt anfahren müssen. Bitte haben Sie Verständnis dafür, dass eine Zeitspanne von +/- 15 Minuten in der Ankunftzeit an &hellip; <a href="http://www.breitscheid-grundschule.de/wp/?page_id=4600" class="more-link"><span class="screen-reader-text">Busfahrzeiten</span> weiterlesen</a></p>
